- -17. List the prime factors of (-4)/(-3)*1*o.
2
What are the prime factors of -890*(-3 - -2)/((-6)/(-3))?
5, 89
What are the prime factors of ((-4)/(-18))/(118/1109259)?
2089
Suppose 12 = 4*u + 4. Let h(n) = 3*n**2 - 3*n + 8. Let q(t) = -t**2 + 2*t - 4. Let r(j) = u*h(j) + 5*q(j). What are the prime factors of r(-6)?
2
Suppose -1 = 4*z - 25. Suppose 0 = f - g - 2, -4*f - z*g = -g - 17. What are the prime factors of f?
3
Let f be (0/8)/((-6)/3). Let p(a) = a**3 - a**2 + 2*a + 16. List the prime factors of p(f).
2
Suppose -20*g + 24*g = -4*d + 1024, 3*g = 9. What are the prime factors of d?
11, 23
Suppose -32 - 188 = -o. Let h = o - 116. What are the prime factors of h?
2, 13
Let w(d) = -d**3 - 12*d**2 - 65*d + 23. What are the prime factors of w(-15)?
7, 239
Let y(p) = p**2 - 5*p - 5. Let w be y(6). Let m(h) = -63616 + 22*h + 63616. What are the prime factors of m(w)?
2, 11
Suppose 10 + 20 = 2*w. Let h = -1 + w. Suppose -h + 3 = -t. What are the prime factors of t?
11
Suppose 69*u = 63*u + 912. List the prime factors of u.
2, 19
Let m = -6 + -9. Let x(o) = o**3 + 15*o**2 - 7*o + 6. List the prime factors of x(m).
3, 37
List the prime factors of (-50)/15*(-6606)/15.
2, 367
Suppose -58*v - 57375 = -75*v. List the prime factors of v.
3, 5
Let l be (2 - -1)*1*-4. Let a be (-2)/3 + (-68)/l. Suppose 4*k - 29 = t, a*k - 36 = 2*k - 4*t. List the prime factors of k.
2
Let y be ((-46)/(-1))/(4 - 2). Suppose -2*t = 5*r - 68, 2*r + 3*r + 205 = 5*t. Let q = t + y. List the prime factors of q.
2, 31
Let m(r) = -r**2 + 4*r - 3. Let d be m(3). Suppose -4*f - 38 = -46. Suppose d = -3*t, h = -2*h - f*t + 48. What are the prime factors of h?
2
Let v be 14/35 - 116/(-10). Suppose -6*r - v = -5*r. What are the prime factors of ((-126)/r)/(3/14)?
7
Suppose -q + 30 = 4*q. Let s = 4 + q. Suppose 15*n - 35 = s*n. What are the prime factors of n?
7
Suppose 7*t - 2*t + 47 = -3*j, -j = -1. Let o be (8 - 5)/(2/t). List the prime factors of ((-12)/o)/(3/90).
2, 3
Suppose -g - 18 + 15 = 0. List the prime factors of 248/6*7/((-14)/g).
2, 31
Suppose 5*n - 2 = 8. Suppose -n*a = a - 231. What are the prime factors of a?
7, 11
Suppose -338 - 47 = 11*j. List the prime factors of ((-90)/j)/((-3)/(-14)).
2, 3
Let f = 92 - 87. Let g(w) = 6*w**2 + 4*w. List the prime factors of g(f).
2, 5, 17
Let h(o) = o**3 + 2*o**2 + o + 3. Let m be h(-3). Let a = 13 + m. Suppose -a + 7 = s. What are the prime factors of s?
3
Let g = -22 + 64. Let h = -81 + g. Let c = 16 - h. List the prime factors of c.
5, 11
Let v = 1943 - 1887. Suppose 0 = 3*h - 0*h - 3*i + 57, -h = -4*i + 4. Let t = h + v. List the prime factors of t.
2
List the prime factors of 310 - 6/(-9)*27/6.
313
Let q(l) = 9*l**2 + 14*l + 6. What are the prime factors of q(-7)?
349
Let k(g) = -g**3 + 11*g**2 - 7*g - 13. Let b be k(10). Suppose 21*s - 8 = b*s. Suppose 3*c - 2*z = 106, 0*c - s*c + 64 = -3*z. What are the prime factors of c?
2, 19
Let x = -12 - -16. What are the prime factors of x + (-3 - (0 + -5))?
2, 3
What are the prime factors of -6 - -232*(-2 - -3)?
2, 113
Suppose -86*o - 663 = -89*o. List the prime factors of o.
13, 17
Suppose 3*i + 2*y - 15932 = 0, 39*i - 38*i - 5*y - 5322 = 0. List the prime factors of i.
2, 83
Suppose -597 = -8*t - 93. Suppose -s + x + 9 + 6 = 0, 4*s - t = 3*x. List the prime factors of s.
2, 3
Let s(i) = -i**2 + 12*i - 29. Let o be s(5). Let m(z) = -1 + 4*z + 3 + 3. List the prime factors of m(o).
29
Let h(c) = c**2 - 8*c - 31. Let v be h(11). Suppose -w = 3*a - 67, w + 2*a + 72 = v*w. What are the prime factors of w?
2, 5, 7
Suppose 0 = 4*o - 3*f - 13, -o + 4*o - 14 = -2*f. Let u(q) = q**3 - 4*q**2 + q - 1. List the prime factors of u(o).
3
Let t = -49 + 54. Suppose 0 = -t*i + 351 + 119. List the prime factors of i.
2, 47
Let y(j) be the second derivative of -j**3/6 + 8*j**2 + 16*j. What are the prime factors of y(-14)?
2, 3, 5
List the prime factors of ((-6)/(-7))/((-37)/(-26418)).
2, 3, 17
Let b(x) = -x**3 + 9*x**2 - 14*x + 2. Let k be b(6). Suppose -o + 49 = -k. What are the prime factors of o?
3, 5
Let i = 2793 - 1597. What are the prime factors of i?
2, 13, 23
Suppose -2*i - 35 = -i - z, 0 = 5*i + 5*z + 215. Let b = -1 - i. What are the prime factors of b?
2, 19
Suppose s = -3*u + 16346, -3*s + 27246 = 2*u + 3*u. List the prime factors of u.
2, 3, 227
Let d(g) = -18*g + 486. List the prime factors of d(-23).
2, 3, 5
Let l be ((-4)/(-3))/((-42)/(-63)). List the prime factors of l/10 - (-799)/5.
2, 5
Let v(i) = i - 4. Let p(l) = -3*l + 13. Let o(u) = -4*p(u) - 11*v(u). Let n be o(8). Suppose n = -3*y - 2*y + 40. List the prime factors of y.
2
Suppose 3*p - 5*q = 15, 0 = -2*p - 5*q - 0*q - 15. Let u be (5 - 2)*2/6. Suppose -i + u + 16 = p. What are the prime factors of i?
17
Let y(w) = w**2 + 18*w + 15. Let x be y(-13). Let f = 202 + x. List the prime factors of f.
2, 19
Let h = -283 + 987. List the prime factors of h.
2, 11
Suppose 2*i + 3*i - 1166 = 6*p, -3*i + 694 = -5*p. List the prime factors of i.
2, 7, 17
Suppose -15*h = -14*h - 3. Suppose -h = -r + 33. Suppose -7*s = -r - 27. What are the prime factors of s?
3
Let d(o) = 2*o**2 + 5*o - 2. Suppose -17 - 7 = 6*a. List the prime factors of d(a).
2, 5
Suppose -7 - 121 = 4*p. Let t be (198/(-12))/(6/p). Let g = t - 57. What are the prime factors of g?
31
Suppose 5*h + 4*l - 925 = 0, l = 2*h - 198 - 159. Let d = h - 66. List the prime factors of d.
5, 23
Let i(a) = 57*a**2 + 13*a + 79. What are the prime factors of i(-5)?
1439
Let t(c) = -2*c - 10. Let o be t(6). List the prime factors of (-59)/(-19) + o/209.
3
Suppose 10*z - 6*z + 288 = 0. Let g = z + 221. What are the prime factors of g?
149
Suppose -3*a + 2*c + 1254 = 5*c, 3*c = -a + 412. What are the prime factors of a?
421
Let o = -36 - -40. List the prime factors of 6 + (2 - o) - -65.
3, 23
Let n(x) = 11*x**2 - 20*x + 9. List the prime factors of n(-5).
2, 3
Let z be 0/(-1)*1 + 4. Suppose -3*r + 0*i + 285 = -i, z*r - 3*i = 385. Suppose -4*c + 3*c = -3*s - 36, 2*s = 4*c - r. What are the prime factors of c?
3, 7
Let a = -435 - -795. List the prime factors of a.
2, 3, 5
Let m = -18 - 14. List the prime factors of 44/m*-4*10.
5, 11
Let s = -198 - -55. Let r = s - -434. What are the prime factors of r?
3, 97
Suppose 35*i + 6959 = 26209. What are the prime factors of i?
2, 5, 11
Let p(s) = -3*s + 47. Let q(x) = -2*x + 23. Let g(i) = -4*p(i) + 9*q(i). Let h be g(-13). Suppose 88 = 5*z - h. What are the prime factors of z?
37
Let s(f) = f**2 + 8*f + 11. Let n be s(-8). Suppose -7*j + 102 = n. List the prime factors of j.
13
Suppose -4*v - o - 39 = 38, 3*v - 5*o + 29 = 0. Let z(d) = -9*d**3 + d**2 + d. Let n be z(-1). Let u = n - v. What are the prime factors of u?
3
Suppose 10*x - 294 = 596. Let l = 97 - x. List the prime factors of l.
2
Let r = 281 + -176. Let m(b) = b**3 + 3*b**2 - 6*b - 12. Let w be m(-3). Suppose w*n - r = n + 5*g, 2*n + 5*g - 7 = 0. List the prime factors of n.
2
Suppose 2*k - d = -13, -5*k = -d + 28 + 6. Let q(w) = -w**3 - 7*w**2 - 3*w - 12. What are the prime factors of q(k)?
3
Suppose -6*p - 2762 + 19514 = 0. List the prime factors of p.
2, 349
Let n(s) = -s**3 - 4*s**2 + 4*s - 5. Let x be n(-4). Let a = -318 + 315. List the prime factors of x*a*7/9.
7
Suppose 5*z + 4*g + 144 = 817, 5*z + 3*g = 676. Let f = z - 88. Suppose -d = -4, d - 168 + f = -5*j. What are the prime factors of j?
23
Let g = -26 + 0. Let m be (-4)/g - (-854)/26. Suppose a - m = -5*t, 2*a - 6*a = t - 94. What are the prime factors of a?
23
Suppose -8614 = -2*m - 2*g, 3*m - 4*g = m + 8638. List the prime factors of m.
3, 479
Suppose 4*q - 2*u + 7290 = 7*q, 3*u = -4*q + 9719. List the prime factors of q.
2, 19
Let h be 76/12 + (-4)/12. Suppose -2*g - h = -5*g. Suppose 3*n - 4*n = -g. List the prime factors of n.
2
Let t = 30 - 27. Suppose -t*k - 4*l = 6, -5*k - 3*l + 16 = -5*l. Suppose k*x + 8 = 6*x. What are the prime factors of x?
2
Let s = 42 - 40. List the prime factors of (44/(-10))/(s/(-10)).
2, 11
Suppose -v + 4*v = 12. Let u = v - -16. Suppose p - u = 13. What are the prime factors of p?
3, 11
Suppose 3*d = -2*o - 360, -2*d - 353 + 105 = 4*o. What are the prime factors of ((-1 - 0)*6)/(4/d)?
3, 59
What are the prime factors of ((-3)/(-2))/(7 + (-138900)/19848)?
827
Suppose -5*l - 3*z = -0*